he highest common divisor of 132 and 826848.
132
Calculate the highest common factor of 352 and 7264.
32
Calculate the highest common divisor of 49 and 784.
49
Calculate the greatest common factor of 855 and 33174.
171
Calculate the greatest common factor of 178 and 701498.
178
Calculate the highest common factor of 26 and 5663047.
13
Calculate the greatest common divisor of 75 and 1322175.
75
What is the greatest common divisor of 63255 and 30?
15
What is the greatest common divisor of 582 and 109125?
291
What is the greatest common divisor of 3306 and 8884875?
1653
What is the highest common divisor of 792 and 161856?
72
What is the greatest common factor of 324 and 3763908?
324
Calculate the greatest common factor of 100 and 65675.
25
Calculate the highest common factor of 17138 and 114.
38
What is the highest common divisor of 138 and 676154?
46
What is the highest common divisor of 66600 and 19800?
1800
What is the highest common divisor of 2637 and 1152?
9
Calculate the greatest common divisor of 146750 and 125.
125
What is the greatest common divisor of 71200 and 152800?
800
Calculate the highest common factor of 396 and 2065998.
66
What is the highest common divisor of 104218 and 856?
214
Calculate the greatest common factor of 2266 and 264.
22
Calculate the highest common divisor of 20569 and 4605.
307
What is the highest common divisor of 88 and 56452?
44
Calculate the greatest common divisor of 74227 and 98845.
373
What is the highest common divisor of 4560 and 17366?
38
Calculate the highest common divisor of 148085 and 35.
35
Calculate the highest common factor of 1184498 and 511.
511
Calculate the highest common factor of 190106 and 2590.
518
What is the greatest common divisor of 491601 and 33?
33
What is the highest common factor of 1541 and 2806?
23
Calculate the greatest common divisor of 62750 and 750.
250
Calculate the greatest common factor of 926 and 1388074.
926
Calculate the highest common divisor of 2136260 and 140.
140
Calculate the greatest common factor of 136 and 8449.
17
What is the highest common divisor of 1189 and 1681?
41
Calculate the greatest common factor of 126 and 1337760.
18
What is the highest common divisor of 10 and 898285?
5
Calculate the greatest common divisor of 6674 and 30832.
94
Calculate the highest common factor of 94 and 75100.
2
Calculate the highest common factor of 1793801 and 614.
307
What is the highest common factor of 465 and 77965?
155
What is the greatest common divisor of 4183 and 28999?
47
What is the greatest common divisor of 15806 and 168?
14
What is the greatest common divisor of 18324 and 216?
36
Calculate the highest common divisor of 10 and 21135.
5
Calculate the greatest common divisor of 3820 and 100.
20
What is the highest common factor of 2760 and 2640?
120
What is the highest common divisor of 190762 and 46?
46
Calculate the highest common factor of 4800 and 40288.
32
Calculate the greatest common divisor of 649 and 46433.
59
What is the greatest common factor of 23229 and 1044?
261
Calculate the highest common divisor of 161 and 985481.
161
What is the highest common divisor of 12 and 57174?
6
Calculate the highest common factor of 121672 and 10184.
536
Calculate the greatest common factor of 2865 and 735.
15
Calculate the greatest common factor of 8037 and 2850.
57
What is the greatest common factor of 34370 and 7?
7
Calculate the highest common factor of 676265 and 310.
155
Calculate the highest common divisor of 12069 and 18.
9
What is the greatest common factor of 55727 and 203?
7
What is the highest common factor of 238 and 1687?
7
What is the greatest common divisor of 3434883 and 129?
129
What is the highest common factor of 162904 and 14?
14
What is the greatest common factor of 118 and 542269?
59
Calculate the greatest common divisor of 1776 and 100122.
222
Calculate the greatest common divisor of 124 and 88195.
31
Calculate the highest common divisor of 69 and 61939.
23
Calculate the highest common divisor of 46942 and 2450.
98
Calculate the greatest common factor of 93472 and 10672.
368
Calculate the highest common factor of 126 and 2826.
18
What is the greatest common divisor of 243774 and 174?
174
What is the greatest common divisor of 824 and 263?
1
What is the greatest common factor of 6 and 3303?
3
What is the greatest common factor of 362076 and 198?
66
What is the greatest common divisor of 668 and 23552?
4
What is the greatest common factor of 425617 and 758?
379
Calculate the greatest common divisor of 871 and 208.
13
What is the highest common factor of 288 and 2672?
16
Calculate the greatest common divisor of 24 and 23943.
3
What is the highest common factor of 18 and 6062922?
18
What is the highest common factor of 2431 and 21505?
187
What is the greatest common factor of 21294 and 3474?
18
Calculate the greatest common factor of 310 and 6792.
2
Calculate the highest common factor of 220 and 940.
20
What is the greatest common factor of 3248 and 368?
16
What is the highest common factor of 439 and 1677419?
439
What is the greatest common divisor of 14 and 13811966?
14
What is the highest common factor of 405034 and 2548?
98
Calculate the highest common factor of 3375 and 69.
3
Calculate the greatest common divisor of 273 and 1659.
21
What is the highest common factor of 1296 and 18387?
81
What is the highest common factor of 48529 and 13?
13
Calculate the highest common factor of 1127158 and 61.
61
What is the highest common divisor of 103 and 285001?
103
What is the greatest common divisor of 92462 and 5146?
166
What is the greatest common divisor of 5319 and 297?
27
Calculate the greatest common factor of 305 and 8770.
5
Calculate the highest common factor of 48 and 564464.
16
What is the highest common factor of 53 and 55703?
53
What is the highest common factor of 279 and 229028?
31
What is the greatest common divisor of 370984 and 395?
79
What is the highest common factor of 53 and 144743?
53
Calculate the highest common divisor of 47723 and 923.
13
Calculate the greatest common factor of 36366 and 522.
174
Calculate the greatest common factor of 27512 and 950.
38
What is the greatest common factor of 6759 and 194509?
751
What is the highest common factor of 323 and 133741?
19
Calculate the greatest common factor of 35 and 1255.
5
What is the highest common divisor of 28888 and 10676?
628
What is the greatest common divisor of 7052 and 156292?
164
Calculate the highest common factor of 603 and 254667.
201
What is the greatest common factor of 285 and 465785?
95
Calculate the highest common divisor of 403351 and 741.
247
What is the highest common factor of 114806 and 41900?
838
Calculate the highest common factor of 9000 and 45400.
200
What is the highest common divisor of 7408 and 12038?
926
Calculate the greatest common factor of 235410 and 570.
570
What is the highest common divisor of 3816 and 84?
12
What is the highest common divisor of 3046164 and 66?
66
What is the greatest common factor of 83226 and 24?
6
Calculate the highest common divisor of 44676 and 73.
73
What is the highest common divisor of 138 and 1440?
6
Calculate the highest common divisor of 12 and 480468.
12
Calculate the highest common factor of 41340 and 2860.
260
What is the highest common factor of 53218 and 946?
22
Calculate the highest common divisor of 10 and 3641550.
10
What is the highest common factor of 5699286 and 262?
262
What is the greatest common factor of 296 and 1961740?
148
What is the greatest common divisor of 2740050 and 72?
18
Calculate the highest common divisor of 11 and 2384437.
11
What is the highest common factor of 3397 and 5203?
43
Calculate the greatest common factor of 36273 and 34578.
339
Calculate the highest common factor of 116547 and 11728.
733
Calculate the greatest common divisor of 2414 and 1904.
34
Calculate the highest common divisor of 88314 and 57.
3
Calculate the greatest common factor of 156695 and 7.
7
Calculate the highest common divisor of 2769 and 1664.
13
What is the greatest common divisor of 244 and 134078?
122
Calculate the greatest common divisor of 105 and 121212.
21
Calculate the highest common factor of 839166 and 12.
6
What is the highest common factor of 16632 and 202972?
308
Calculate the greatest common d